{"id":17,"date":"2017-09-13T17:59:40","date_gmt":"2017-09-13T17:59:40","guid":{"rendered":"http:\/\/edumolina.es\/?page_id=17"},"modified":"2017-09-17T21:13:32","modified_gmt":"2017-09-17T21:13:32","slug":"trabajo-en-equipo","status":"publish","type":"page","link":"https:\/\/edumolina.es\/?page_id=17","title":{"rendered":"TRABAJO EN EQUIPO"},"content":{"rendered":"<p style=\"text-align: left;\">Equipo: Cuando dos o m\u00e1s personas se sienten part\u00edcipes de un proyecto y comparten visi\u00f3n y objetivos a conseguir en un espacio temporal y con unas normas definidas.<\/p>\n<p style=\"text-align: left;\">En el equipo se generan sinergias, el reparto de roles atiende las capacidades y roles naturales de cada individuo, desde la atenci\u00f3n a las personas se atienden los objetivos generales.<\/p>\n<p style=\"text-align: left;\">Comunicaci\u00f3n, corresponsabilidad, compromiso, interdependencia, son algunas de las caracter\u00edsticas de los Equipos.<\/p>\n","protected":false},"excerpt":{"rendered":"<p>Equipo: Cuando dos o m\u00e1s personas se sienten part\u00edcipes de un proyecto y comparten visi\u00f3n y objetivos a conseguir en un espacio temporal y con unas normas definidas. En el equipo se generan sinergias, el reparto de roles atiende las capacidades y roles naturales de cada individuo, desde la atenci\u00f3n a las personas se atienden [&hellip;]<\/p>\n","protected":false},"author":1,"featured_media":0,"parent":0,"menu_order":4,"comment_status":"closed","ping_status":"closed","template":"","meta":{"footnotes":""},"_links":{"self":[{"href":"https:\/\/edumolina.es\/index.php?rest_route=\/wp\/v2\/pages\/17"}],"collection":[{"href":"https:\/\/edumolina.es\/index.php?rest_route=\/wp\/v2\/pages"}],"about":[{"href":"https:\/\/edumolina.es\/index.php?rest_route=\/wp\/v2\/types\/page"}],"author":[{"embeddable":true,"href":"https:\/\/edumolina.es\/index.php?rest_route=\/wp\/v2\/users\/1"}],"replies":[{"embeddable":true,"href":"https:\/\/edumolina.es\/index.php?rest_route=%2Fwp%2Fv2%2Fcomments&post=17"}],"version-history":[{"count":4,"href":"https:\/\/edumolina.es\/index.php?rest_route=\/wp\/v2\/pages\/17\/revisions"}],"predecessor-version":[{"id":68,"href":"https:\/\/edumolina.es\/index.php?rest_route=\/wp\/v2\/pages\/17\/revisions\/68"}],"wp:attachment":[{"href":"https:\/\/edumolina.es\/index.php?rest_route=%2Fwp%2Fv2%2Fmedia&parent=17"}],"curies":[{"name":"wp","href":"https:\/\/api.w.org\/{rel}","templated":true}]}}